 the remainder when 1190542 is divided by 1793.
1783
Calculate the remainder when 171989 is divided by 42.
41
Calculate the remainder when 3190 is divided by 24.
22
What is the remainder when 5613 is divided by 336?
237
Calculate the remainder when 61917 is divided by 348.
321
What is the remainder when 5775 is divided by 1790?
405
What is the remainder when 1269 is divided by 11?
4
What is the remainder when 1285497 is divided by 227?
223
What is the remainder when 37867 is divided by 70?
67
Calculate the remainder when 6408 is divided by 640.
8
Calculate the remainder when 713993 is divided by 6.
5
Calculate the remainder when 9793 is divided by 24.
1
What is the remainder when 32748 is divided by 16362?
24
Calculate the remainder when 289595 is divided by 38.
35
Calculate the remainder when 417 is divided by 152.
113
Calculate the remainder when 29841 is divided by 8.
1
What is the remainder when 28617 is divided by 354?
297
What is the remainder when 27592 is divided by 230?
222
Calculate the remainder when 1529 is divided by 181.
81
What is the remainder when 133804 is divided by 29?
27
What is the remainder when 1827 is divided by 723?
381
Calculate the remainder when 36396 is divided by 18189.
18
Calculate the remainder when 159372 is divided by 85.
82
Calculate the remainder when 28958 is divided by 690.
668
Calculate the remainder when 4781 is divided by 1463.
392
Calculate the remainder when 1241 is divided by 370.
131
What is the remainder when 145920 is divided by 433?
432
Calculate the remainder when 7967 is divided by 498.
497
Calculate the remainder when 15306 is divided by 172.
170
Calculate the remainder when 278 is divided by 277.
1
What is the remainder when 115918 is divided by 38?
18
What is the remainder when 2604 is divided by 344?
196
What is the remainder when 241 is divided by 83?
75
Calculate the remainder when 857582 is divided by 247.
245
Calculate the remainder when 743920 is divided by 56.
16
Calculate the remainder when 1332 is divided by 642.
48
What is the remainder when 15491 is divided by 17?
4
Calculate the remainder when 88756 is divided by 51.
16
Calculate the remainder when 41242 is divided by 113.
110
What is the remainder when 568 is divided by 140?
8
What is the remainder when 12554 is divided by 80?
74
Calculate the remainder when 111867 is divided by 18.
15
Calculate the remainder when 11912 is divided by 5954.
4
Calculate the remainder when 860937 is divided by 193.
157
Calculate the remainder when 4764 is divided by 1579.
27
Calculate the remainder when 399 is divided by 26.
9
What is the remainder when 27228 is divided by 162?
12
Calculate the remainder when 23881 is divided by 315.
256
Calculate the remainder when 2174 is divided by 115.
104
What is the remainder when 292592 is divided by 29259?
2
Calculate the remainder when 1564 is divided by 1521.
43
Calculate the remainder when 47867 is divided by 3418.
15
What is the remainder when 96 is divided by 41?
14
Calculate the remainder when 184843 is divided by 122.
13
Calculate the remainder when 981 is divided by 130.
71
What is the remainder when 4450 is divided by 404?
6
What is the remainder when 60502 is divided by 15123?
10
Calculate the remainder when 1094 is divided by 201.
89
Calculate the remainder when 2463 is divided by 1230.
3
Calculate the remainder when 272161 is divided by 90712.
25
What is the remainder when 5254 is divided by 79?
40
What is the remainder when 61060 is divided by 77?
76
Calculate the remainder when 121 is divided by 31.
28
Calculate the remainder when 2466 is divided by 48.
18
Calculate the remainder when 19271 is divided by 358.
297
What is the remainder when 160065 is divided by 160055?
10
What is the remainder when 35041 is divided by 170?
21
What is the remainder when 13857 is divided by 202?
121
Calculate the remainder when 5153 is divided by 1280.
33
What is the remainder when 110418 is divided by 36796?
30
Calculate the remainder when 37916 is divided by 3791.
6
Calculate the remainder when 759 is divided by 448.
311
Calculate the remainder when 32493 is divided by 312.
45
Calculate the remainder when 107071 is divided by 8922.
7
What is the remainder when 115799 is divided by 77?
68
What is the remainder when 116547 is divided by 857?
852
What is the remainder when 2414026 is divided by 444?
442
What is the remainder when 24485 is divided by 42?
41
Calculate the remainder when 5207 is divided by 2560.
87
What is the remainder when 104894 is divided by 189?
188
Calculate the remainder when 6580 is divided by 94.
0
What is the remainder when 458878 is divided by 116?
98
What is the remainder when 1632111 is divided by 31?
23
Calculate the remainder when 28914 is divided by 7213.
62
Calculate the remainder when 1057 is divided by 292.
181
What is the remainder when 1517423 is divided by 455?
453
What is the remainder when 158 is divided by 88?
70
What is the remainder when 2306787 is divided by 38?
35
Calculate the remainder when 4462291 is divided by 155.
151
What is the remainder when 4121 is divided by 65?
26
What is the remainder when 14694 is divided by 779?
672
Calculate the remainder when 102759 is divided by 6044.
11
Calculate the remainder when 1277 is divided by 85.
2
Calculate the remainder when 105686 is divided by 16.
6
What is the remainder when 9504 is divided by 10?
4
What is the remainder when 3733 is divided by 1811?
111
What is the remainder when 710596 is divided by 418?
414
What is the remainder when 262229 is divided by 2300?
29
Calculate the remainder when 10208 is divided by 92.
88
Calculate the remainder when 249591 is divided by 294.
279
Calculate the remainder when 78503 is divided by 1331.
1305
Calculate the remainder when 41161 is divided by 41156.
5
What is the remainder when 34752 is divided by 382?
372
What is the remainder when 17064 is divided by 70?
54
Calculate the remainder when 13499 is divided by 91.
31
Calculate the remainder when 34402 is divided by 221.
147
Calculate the remainder when 5516 is divided by 424.
4
Calculate the remainder when 12828 is divided by 6330.
168
What is the remainder when 7929 is divided by 137?
120
Calculate the remainder when 3159 is divided by 150.
9
Calculate the remainder when 56089 is divided by 660.
649
Calculate the remainder when 9794 is divided by 338.
330
What is the remainder when 25434 is divided by 212?
206
What is the remainder when 25188 is divided by 41?
14
Calculate the remainder when 3352 is divided by 509.
298
What is the remainder when 6538 is divided by 131?
119
Calculate the remainder when 179236 is divided by 326.
262
Calculate the remainder when 10771109 is divided by 1435.
1434
Calculate the remainder when 9066 is divided by 4518.
30
What is the remainder when 10873942 is divided by 72?
70
Calculate the remainder when 369810 is divided by 47.
14
What is the remainder when 4216 is divided by 65?
56
Calculate the remainder when 6965 is divided by 67.
64
Calculate the remainder when 477975 is divided by 20.
15
Calculate the remainder when 177488 is divided by 16132.
36
Calculate the remainder when 343191 is divided by 61.
5
Calculate the remainder when 98442 is divided by 373.
343
Calculate the remainder when 71134 is divided by 72.
70
What is the remainder when 92310 is divided by 97?
63
What is the remainder when 142146 is divided by 41?
40
Calculate the remainder when 3531 is divided by 261.
138
Calculate the remainder when 1554 is divided by 30.
24
Calculate the remainder when 326 is divided by 305.
21
What is the remainder when 148250 is divided by 8?
2
Calculate the remainder when 4094 is divided by 178.
0
What is the remainder when 4247 is divided by 595?
82
What is the remainder when 38895 is divided by 7?
3
What is the remainder when 1582997 is divided by 9479?
4
Calculate the remainder when 290630 is divided by 6.
2
Calculate the remainder when 628836 is divided by 52403.
0
What is the remainder when 85518 is divided by 2038?
1960
What is the remainder when 32755 is divided by 140?
135
What is the remainder when 32749 is divided by 220?
189
Calculate the remainder when 112114 is divided by 505.
4
What is the remainder when 25235 is divided by 36?
35
Calculate the remainder when 174137 is divided by 195.
2
